Informes NOAA Abegondo desde Enero/2005


Report for 2019 Diciembre
                   MONTHLY CLIMATOLOGICAL SUMMARY for DEC. 2019

NAME: Abegondo   CITY: Abegondo   STATE: La Coruña (Spain) 
ELEV:   160 m  LAT:  43° 13' 36" N  LONG:   8° 17' 22" W

                   TEMPERATURE (°C), RAIN  (mm), WIND SPEED (km/hr)

                                      HEAT  COOL        AVG
    MEAN                              DEG   DEG         WIND                 DOM
DAY TEMP  HIGH   TIME   LOW    TIME   DAYS  DAYS  RAIN  SPEED HIGH   TIME    DIR
------------------------------------------------------------------------------------
 1  10.4  13.3   14:00   9.1    9:00   7.9   0.0   3.8   3.4  25.7   15:15   NNE
 2   9.6  11.3   13:45   7.6   00:00   8.7   0.0   0.2   4.5  33.8   14:30   NNE
 3   7.8  12.5   16:30   2.8   00:00  10.5   0.0   0.0   1.1  22.5    7:30   ESE
 4   5.7  11.4   16:15   1.6    9:15  12.6   0.0   0.0   0.3  14.5    4:15     W
 5   8.6  12.7   13:30   3.8    0:30   9.8   0.0   0.0   1.0  17.7   12:30     W
 6   9.6  13.8   17:30   6.9    6:15   8.8   0.0   0.2   0.2   8.0   14:45   SSE
 7  12.1  14.2   16:45   9.8    0:30   6.2   0.0   1.2   1.9  22.5   18:15   ESE
 8  12.6  14.8   12:15   8.7   20:30   5.7   0.0   6.6   1.8  24.1    2:15   SSW
 9  10.7  13.8   16:45   6.6   00:00   7.6   0.0   0.0   0.6   8.0    1:00   SSW
10   6.7   6.9    0:30   6.3    0:15   0.2   0.0   0.0   0.8   6.4    0:30    SE
11
12
13
14
15
16
17
18
19
20
21
22
23
24
25
26
27
28
29
30
31
-------------------------------------------------------------------------------------
     9.4  14.8     8     1.6     4    78.0   0.0  12.0   1.6  33.8     2     ESE

Max >=  32.0:  0
Max <=   0.0:  0
Min <=   0.0:  0
Min <= -18.0:  0
Max Rain: 6.60 ON 08/12/19
Days of Rain: 5 (> .2 mm) 2 (> 2 mm) 0 (> 20 mm)
Heat Base:  18.3  Cool Base:  18.3  Method: Integration