Informes NOAA Abegondo desde Enero/2005


Report for 2020 Julio
                   MONTHLY CLIMATOLOGICAL SUMMARY for JUL. 2020

NAME: Abegondo   CITY: Abegondo   STATE: La Coruña (Spain) 
ELEV:   160 m  LAT:  43° 13' 36" N  LONG:   8° 17' 22" W

                   TEMPERATURE (°C), RAIN  (mm), WIND SPEED (km/hr)

                                      HEAT  COOL        AVG
    MEAN                              DEG   DEG         WIND                 DOM
DAY TEMP  HIGH   TIME   LOW    TIME   DAYS  DAYS  RAIN  SPEED HIGH   TIME    DIR
------------------------------------------------------------------------------------
 1  17.6  20.2   14:15  15.7   00:00   1.0   0.3   2.8   1.6  19.3   14:30   WNW
 2  15.7  19.3   16:00  13.2    4:45   2.7   0.1   3.0   2.3  20.9   18:15   WNW
 3  15.3  20.2   15:45   9.2    7:15   3.3   0.3   0.0   2.6  22.5   15:15   WNW
 4  17.7  25.6   15:15  10.9    6:00   2.4   1.8   0.0   1.9  19.3   15:45   WNW
 5  18.6  21.8   16:30  17.1   00:00   0.4   0.6   0.4   2.4  24.1   19:00   WNW
 6  19.4  24.4   16:30  16.9    1:30   0.5   1.6   0.0   4.0  25.7   14:00   WNW
 7  21.2  29.7   17:15  13.5    7:00   1.3   4.2   0.0   1.8  16.1   17:30   WNW
 8  20.8  27.1   15:30  14.8    7:30   0.6   3.1   0.0   3.4  24.1   19:00   NNE
 9  18.4  22.7   13:30  15.2    6:30   1.0   1.2   0.0   3.2  30.6   16:15   WNW
10  18.3  22.8   16:45  15.5    8:00   1.0   1.0   0.4   4.7  25.7   13:45   NNE
11  20.5  27.3   18:00  14.3    6:15   1.2   3.4   0.0   4.0  24.1   14:00    NE
12  22.6  30.4   16:30  15.9    7:30   0.3   4.7   0.0   3.1  25.7   19:15    NE
13  16.3  19.1    0:15  14.0    7:30   0.8   0.0   0.0   0.5   8.0    9:30    NW
14
15
16
17
18
19
20
21
22
23
24
25
26
27
28
29
30
31
-------------------------------------------------------------------------------------
    18.6  30.4    12     9.2     3    16.7  22.4   6.6   2.7  30.6     9     WNW

Max >=  32.0:  0
Max <=   0.0:  0
Min <=   0.0:  0
Min <= -18.0:  0
Max Rain: 3.00 ON 02/07/20
Days of Rain: 4 (> .2 mm) 2 (> 2 mm) 0 (> 20 mm)
Heat Base:  18.3  Cool Base:  18.3  Method: Integration