Informes NOAA Abegondo desde Enero/2005


Report for 2020 Enero
                   MONTHLY CLIMATOLOGICAL SUMMARY for JAN. 2020

NAME: Abegondo   CITY: Abegondo   STATE: La Coruña (Spain) 
ELEV:   160 m  LAT:  43° 13' 36" N  LONG:   8° 17' 22" W

                   TEMPERATURE (°C), RAIN  (mm), WIND SPEED (km/hr)

                                      HEAT  COOL        AVG
    MEAN                              DEG   DEG         WIND                 DOM
DAY TEMP  HIGH   TIME   LOW    TIME   DAYS  DAYS  RAIN  SPEED HIGH   TIME    DIR
------------------------------------------------------------------------------------
 1   7.5  12.7   16:45   4.6   10:45  10.8   0.0   0.0   0.0   1.6    8:45   NNE
 2   8.9  11.4   14:00   4.4    3:15   9.4   0.0   0.0   3.1  27.4   12:30   ESE
 3  11.3  14.4   15:30   8.1   22:00   7.0   0.0   0.6   1.4  29.0    3:30   WNW
 4   7.5  12.3   16:30   3.7    7:45  10.8   0.0   0.2   0.3  11.3   16:15   WNW
 5   6.2  12.8   15:00   1.9    9:00  12.1   0.0   0.2   0.2   8.0    7:45     S
 6   7.8  13.0   16:15   4.2    0:30  10.5   0.0   0.2   1.6  24.1   14:00     S
 7   9.2  13.8   16:00   5.6    9:30   9.1   0.0   0.2   1.6  24.1   22:45   ESE
 8  12.8  15.3   16:15  10.7    1:15   5.5   0.0   0.4   1.8  27.4   22:45   SSE
 9  12.3  14.7   11:45   7.9   23:30   6.0   0.0   2.0   6.3  37.0   13:00   SSW
10   8.3  12.9   16:15   5.5   00:00  10.0   0.0   0.2   0.5  11.3    0:45   WNW
11   7.3  14.0   15:45   3.3    6:15  11.0   0.0   0.2   1.1  17.7   14:15     S
12   9.6  14.2   16:30   4.9    0:30   8.8   0.0   0.0   2.1  17.7    6:00     S
13  10.4  12.4   15:15   9.2    7:45   7.9   0.0   0.2   9.3  57.9   13:00    SW
14  13.4  15.7   15:30  11.4    0:15   4.9   0.0   1.0  12.9  56.3   00:00   SSW
15  12.2  15.1    1:00   9.2   10:15   6.1   0.0  20.6   5.6  66.0    2:30   SSW
16  12.7  15.6    6:15   9.0   00:00   5.6   0.0  62.4   9.2  53.1    8:30   SSW
17   8.9  11.4   14:00   6.6    9:15   9.4   0.0   3.0   2.6  24.1    0:15   SSE
18  10.8  13.8   12:00   9.2    0:15   7.4   0.0  12.2   4.3  45.1   16:00   ESE
19   9.4  11.6   14:15   7.5   22:00   8.9   0.0   0.4   7.1  45.1   13:15    NE
20   7.9  10.2   14:30   6.3    7:45  10.3   0.0   0.4   8.5  43.5   13:30    NE
21   8.2  10.3   13:15   6.0    1:45  10.1   0.0   0.0   5.3  35.4   13:45   NNE
22  10.9  12.8   13:00   8.8    0:15   7.4   0.0   2.2   4.2  25.7   12:15   NNE
23   8.1  14.2   17:30   3.2    9:45  10.2   0.0   0.4   0.2   8.0    3:00   WNW
24   8.9  15.0   16:15   5.1    4:30   7.0   0.0   0.0   1.1  14.5   11:30     S
25
26
27
28
29
30
31
-------------------------------------------------------------------------------------
     9.6  15.7    14     1.9     5   206.0   0.0 107.1   3.8  66.0    15     SSW

Max >=  32.0:  0
Max <=   0.0:  0
Min <=   0.0:  0
Min <= -18.0:  0
Max Rain: 62.41 ON 16/01/20
Days of Rain: 19 (> .2 mm) 6 (> 2 mm) 2 (> 20 mm)
Heat Base:  18.3  Cool Base:  18.3  Method: Integration