Informes NOAA Abegondo desde Enero/2005


Report for 2019 Abril
                   MONTHLY CLIMATOLOGICAL SUMMARY for APR. 2019

NAME: Abegondo   CITY: Abegondo   STATE: La Coruña (Spain) 
ELEV:   160 m  LAT:  43° 13' 36" N  LONG:   8° 17' 22" W

                   TEMPERATURE (°C), RAIN  (mm), WIND SPEED (km/hr)

                                      HEAT  COOL        AVG
    MEAN                              DEG   DEG         WIND                 DOM
DAY TEMP  HIGH   TIME   LOW    TIME   DAYS  DAYS  RAIN  SPEED HIGH   TIME    DIR
------------------------------------------------------------------------------------
 1  14.1  22.1   15:45   7.2    8:45   4.9   0.7   0.2   2.1  22.5   17:15    SE
 2  11.4  14.2   16:15   9.3   00:00   6.9   0.0   0.0   1.8  20.9   14:15     W
 3   8.3  11.1   15:45   6.7    8:30  10.0   0.0   6.8   2.9  29.0   15:45   WNW
 4   7.6   9.9   14:30   4.9    7:30  10.7   0.0  18.6   4.0  41.8   13:00    SW
 5   7.0   9.4   14:15   4.2    7:45  11.3   0.0   7.4   3.1  32.2   12:15   SSW
 6   7.8  11.2   17:00   6.2    3:30  10.5   0.0  30.6   4.3  40.2   14:30   SSW
 7   8.7  12.9   14:00   4.9    4:45   9.6   0.0  14.6   2.9  30.6   12:45   SSW
 8  10.7  14.1   14:15   7.3    8:30   7.7   0.0  17.8   5.0  41.8   18:15    SW
 9  10.5  14.2   17:30   7.3    8:15   7.8   0.0  16.0   4.8  32.2   13:15    SW
10  11.5  14.3   17:45   9.0   00:00   6.8   0.0   4.0   3.5  24.1   10:30   WNW
11  10.6  16.1   15:00   4.3    8:00   7.7   0.0   0.0   1.6  20.9   15:15   WNW
12  11.7  19.9   16:15   4.6    7:45   6.7   0.1   0.4   1.4  20.9   16:45     W
13  14.5  20.1   15:15   9.7    2:15   3.9   0.1   0.0   3.1  27.4   19:45   SSW
14  17.3  22.6   17:15  14.4    7:30   1.7   0.7   0.0   3.9  30.6    1:45   SSW
15  14.9  16.9    3:00  10.2   23:45   3.4   0.0   7.6   5.0  35.4    7:45   SSW
16  13.8  20.9   18:15   8.7    7:30   4.8   0.3   0.2   1.8  19.3   12:45     S
17  13.6  18.7   14:30  10.3    4:00   4.7   0.0   6.4   1.8  35.4   14:00    SW
18  13.8  17.9   16:00   9.8    7:30   4.5   0.0   4.8   1.3  19.3   17:30   SSW
19  14.9  19.5   17:30  11.6    1:30   3.5   0.1   0.4   2.3  17.7   11:15   WNW
20  16.1  24.9   16:30   8.0    7:45   3.7   1.5   0.0   2.7  27.4   16:30   WNW
21  14.9  21.7   14:45   8.6    8:00   4.1   0.6   0.0   2.1  25.7   18:30     W
22  13.1  20.8   14:45   6.9    8:15   5.4   0.2   0.0   3.1  32.2   17:30   SSW
23   9.3  13.7   18:45   6.0   12:45   9.0   0.0   0.0   3.9  24.1    3:15   SSW
24   9.0  13.8   15:00   6.3    3:45   9.3   0.0   3.8   5.6  46.7   13:45   SSW
25   9.4  12.8   13:45   6.4    1:00   8.8   0.0  13.6   5.6  43.5   14:00   SSW
26   9.4  10.4    0:15   8.0    7:45   2.9   0.0   2.8   2.9  17.7    0:15    SW
27
28
29
30
-------------------------------------------------------------------------------------
    11.7  24.9    20     4.2     5   170.2   4.3 156.0   3.2  46.7    24     SSW

Max >=  32.0:  0
Max <=   0.0:  0
Min <=   0.0:  0
Min <= -18.0:  0
Max Rain: 30.61 ON 06/04/19
Days of Rain: 18 (> .2 mm) 14 (> 2 mm) 1 (> 20 mm)
Heat Base:  18.3  Cool Base:  18.3  Method: Integration