Informes NOAA Abegondo desde Enero/2005


Report for 2018 Julio
                   MONTHLY CLIMATOLOGICAL SUMMARY for JUL. 2018

NAME: Abegondo   CITY: Abegondo   STATE: La Coruña (Spain) 
ELEV:   160 m  LAT:  43° 13' 36" N  LONG:   8° 17' 22" W

                   TEMPERATURE (°C), RAIN  (mm), WIND SPEED (km/hr)

                                      HEAT  COOL        AVG
    MEAN                              DEG   DEG         WIND                 DOM
DAY TEMP  HIGH   TIME   LOW    TIME   DAYS  DAYS  RAIN  SPEED HIGH   TIME    DIR
------------------------------------------------------------------------------------
 1  17.9  21.1   12:45  15.9    7:45   0.8   0.4   9.2   0.6  20.9   15:45     S
 2  18.5  21.8   15:00  16.7    5:00   0.5   0.7  11.6   1.1  20.9   12:45   ESE
 3  19.0  24.2   17:00  15.8    3:00   0.7   1.3   0.6   2.4  22.5   13:45     S
 4  18.1  21.4   13:00  16.2    6:30   0.7   0.5   9.0   0.6  14.5   22:00   ENE
 5  17.7  20.2   14:45  16.6    4:45   0.7   0.2   0.4   0.3  11.3   14:30     W
 6  19.7  24.9   15:30  15.3    8:15   0.9   2.3   0.0   1.3  17.7   16:15   NNW
 7  20.8  27.2   17:45  13.9    6:30   1.0   3.5   0.0   1.4  17.7   16:45   WNW
 8  21.9  27.9   17:00  16.1    7:30   0.3   3.9   0.0   2.1  22.5   18:00   WNW
 9  24.0  31.6   16:00  17.1    7:15   0.2   5.9   0.0   2.1  22.5   18:15   WNW
10  22.3  29.5   17:30  15.3    7:15   0.5   4.5   0.0   2.1  20.9   17:15    NW
11  19.1  21.8   12:30  17.8   00:00   0.1   0.9   0.0   2.4  25.7   12:15   WNW
12  20.9  26.4   18:15  17.0    8:00   0.3   3.0   0.0   2.1  17.7   15:00     W
13  22.3  28.9   18:15  15.9    6:45   0.4   4.4   0.0   1.4  17.7   15:45   WNW
14  21.6  26.6   14:00  17.9    4:00   0.0   2.3   0.0   1.3  19.3   17:00   SSE
15
16
17
18
19
20
21
22
23
24
25
26
27
28
29
30
31
-------------------------------------------------------------------------------------
    20.3  31.6     9    13.9     7     7.2  33.8  30.8   1.5  25.7    11     WNW

Max >=  32.0:  0
Max <=   0.0:  0
Min <=   0.0:  0
Min <= -18.0:  0
Max Rain: 11.61 ON 02/07/18
Days of Rain: 5 (> .2 mm) 3 (> 2 mm) 0 (> 20 mm)
Heat Base:  18.3  Cool Base:  18.3  Method: Integration