Informes NOAA Abegondo desde Enero/2005


Report for 2019 Agosto
                   MONTHLY CLIMATOLOGICAL SUMMARY for AUG. 2019

NAME: Abegondo   CITY: Abegondo   STATE: La Coruña (Spain) 
ELEV:   160 m  LAT:  43° 13' 36" N  LONG:   8° 17' 22" W

                   TEMPERATURE (°C), RAIN  (mm), WIND SPEED (km/hr)

                                      HEAT  COOL        AVG
    MEAN                              DEG   DEG         WIND                 DOM
DAY TEMP  HIGH   TIME   LOW    TIME   DAYS  DAYS  RAIN  SPEED HIGH   TIME    DIR
------------------------------------------------------------------------------------
 1  18.9  24.7   16:00  13.7    5:00   1.4   2.0   0.0   1.4  19.3   17:45     W
 2  19.8  26.3   15:30  14.7    4:45   1.0   2.4   0.0   1.4  20.9   16:00     W
 3  19.9  24.7   14:15  16.4    7:30   0.5   2.1   0.0   1.3  16.1   14:45     W
 4  20.0  23.9   14:45  17.1   00:00   0.1   1.8   0.0   1.4  19.3   15:30   NNE
 5  19.4  25.8   14:15  13.7    6:00   1.3   2.5   0.0   1.1  17.7   18:00     N
 6  20.5  24.8   15:45  17.9    7:15   0.0   2.2   0.0   1.4  19.3   14:15   SSW
 7  20.3  22.8   15:15  17.4    6:30   0.1   2.0   2.6   2.4  35.4   15:30   ESE
 8  21.9  25.5   16:15  19.5   23:45   0.0   3.6  19.6   5.6  49.9   15:30    SW
 9  20.3  23.1   14:30  17.6   23:45   0.0   2.0   0.2   8.2  43.5   12:45   SSW
10  18.4  22.4   14:00  15.8    7:30   0.7   0.8   0.0   1.9  17.7    1:45     S
11  16.3  20.3   12:30  12.8    8:00   2.1   0.2   8.0   1.3  19.3   18:45    SW
12  16.1  19.9   14:00  11.9    8:15   2.6   0.3   0.4   1.3  19.3   16:45   WNW
13  15.9  21.9   16:30   9.8    6:30   3.2   0.8   0.0   1.6  19.3   16:30   NNE
14  18.1  22.7   17:30  13.5    3:45   1.5   1.2   0.0   1.0  16.1   19:00     S
15  19.1  23.7   17:15  15.2    8:00   0.9   1.6   0.0   1.9  16.1   14:00   WNW
16  19.1  25.7   17:15  12.0    7:00   1.9   2.7   0.0   1.3  14.5   17:30   WSW
17  21.4  25.6   16:45  19.1    4:30   0.0   3.1   0.0   4.5  32.2   13:30   SSW
18  18.6  21.3   16:00  14.6   00:00   0.8   1.1  15.2   2.6  27.4    3:30   WNW
19  14.3  20.6   13:45  11.4    7:00   2.5   0.1   0.0   0.6  16.1   13:00   NNE
20
21
22
23
24
25
26
27
28
29
30
31
-------------------------------------------------------------------------------------
    18.9  26.3     2     9.8    13    20.4  32.6  46.0   2.2  49.9     8     SSW

Max >=  32.0:  0
Max <=   0.0:  0
Min <=   0.0:  0
Min <= -18.0:  0
Max Rain: 19.61 ON 08/08/19
Days of Rain: 6 (> .2 mm) 4 (> 2 mm) 0 (> 20 mm)
Heat Base:  18.3  Cool Base:  18.3  Method: Integration