Informes NOAA Abegondo desde Enero/2005


Report for 2017 Diciembre
                   MONTHLY CLIMATOLOGICAL SUMMARY for DEC. 2017

NAME: Abegondo   CITY: Abegondo   STATE: La Coruña (Spain) 
ELEV:   160 m  LAT:  43° 13' 36" N  LONG:   8° 17' 22" W

                   TEMPERATURE (°C), RAIN  (mm), WIND SPEED (km/hr)

                                      HEAT  COOL        AVG
    MEAN                              DEG   DEG         WIND                 DOM
DAY TEMP  HIGH   TIME   LOW    TIME   DAYS  DAYS  RAIN  SPEED HIGH   TIME    DIR
------------------------------------------------------------------------------------
 1   7.1  11.1   13:30   2.5   00:00  11.2   0.0   4.0   1.4  22.5   10:30   NNE
 2   5.6  11.4   15:00   1.6    6:15  12.7   0.0   0.2   0.5  12.9   14:00     S
 3   6.9  12.8   15:00   2.2    8:00  11.4   0.0   0.2   0.2  11.3   15:00    NW
 4   7.7  14.5   16:30   4.0    8:30  10.6   0.0   0.0   0.0   8.0   10:45   WNW
 5   7.1  14.2   15:30   3.2    8:45  11.2   0.0   0.2   0.3  12.9   13:45   SSW
 6   8.4  12.7   13:15   2.7    1:30   9.8   0.0   0.0   1.9  27.4   13:30   SSW
 7  11.4  13.1   21:15   9.2    1:00   6.9   0.0   8.4   4.5  40.2   13:30   SSW
 8  12.4  13.7   13:15  10.7   20:45   5.7   0.0  15.2   0.2  11.3    0:15   WNW
 9  13.2  15.9   16:15  10.4    4:30   5.1   0.0   0.8   3.1  24.1   18:30   SSW
10  13.9  15.8    8:00   9.6   22:00   4.3   0.0  55.0   8.9  61.2   20:30    SW
11   7.4  10.7   14:45   5.1   23:30  10.9   0.0  23.8   3.2  43.5   11:00   SSW
12   8.1  10.9   15:00   5.1    0:15  10.2   0.0   3.0   1.1  24.1   23:30     S
13  12.4  14.7   21:15  10.2    0:15   5.9   0.0   2.4   4.3  32.2   12:30   SSW
14  12.3  13.9   12:30  10.9   23:30   6.0   0.0   5.8   1.9  24.1   13:30    SW
15   9.1  11.3    0:15   6.0   23:45   9.2   0.0   6.8   1.0  25.7    6:15   ESE
16   6.9  11.1   15:30   3.8    7:30  11.4   0.0   1.4   0.3   9.7    9:15   SSW
17   5.4  12.4   16:15   2.2    7:15   8.9   0.0   0.2   0.0   8.0   15:45   SSW
18
19
20
21
22
23
24
25
26
27
28
29
30
31
-------------------------------------------------------------------------------------
     9.1  15.9     9     1.6     2   151.4   0.0 127.4   1.9  61.2    10     SSW

Max >=  32.0:  0
Max <=   0.0:  0
Min <=   0.0:  0
Min <= -18.0:  0
Max Rain: 54.99 ON 10/12/17
Days of Rain: 15 (> .2 mm) 9 (> 2 mm) 2 (> 20 mm)
Heat Base:  18.3  Cool Base:  18.3  Method: Integration