Informes NOAA Abegondo desde Enero/2005


Report for 2017 Octubre
                   MONTHLY CLIMATOLOGICAL SUMMARY for OCT. 2017

NAME: Abegondo   CITY: Abegondo   STATE: La Coruña (Spain) 
ELEV:   160 m  LAT:  43° 13' 36" N  LONG:   8° 17' 22" W

                   TEMPERATURE (°C), RAIN  (mm), WIND SPEED (km/hr)

                                      HEAT  COOL        AVG
    MEAN                              DEG   DEG         WIND                 DOM
DAY TEMP  HIGH   TIME   LOW    TIME   DAYS  DAYS  RAIN  SPEED HIGH   TIME    DIR
------------------------------------------------------------------------------------
 1  18.6  22.9   15:45  16.6    4:15   0.7   1.0   0.4   0.6  12.9   16:15   SSW
 2  19.3  25.5   15:15  16.9    3:30   0.4   1.5   0.2   0.8  16.1   16:15   NNE
 3  18.8  22.4   13:30  15.6   23:45   0.5   1.1   0.8   1.3  17.7   18:15   WNW
 4  18.3  26.1   17:30  12.2    8:15   2.0   2.0   0.2   1.0  12.9   13:15   WNW
 5  18.3  23.9   17:00  13.4    5:00   1.6   1.6   0.0   1.0  17.7   16:00   WNW
 6  17.6  26.8   16:15  11.2    8:45   2.7   1.9   0.0   1.0  19.3   15:30     W
 7  17.0  26.3   17:15   9.7    7:15   3.2   1.9   0.2   0.3  11.3   15:15    NW
 8  16.1  25.8   17:15   8.1    8:00   4.0   1.8   0.0   0.3  14.5   15:00    NW
 9  14.7  23.4   16:15   7.3    7:45   4.7   1.1   0.0   0.5  11.3   16:45    NW
10  15.7  25.8   15:30   8.3    8:15   4.2   1.6   0.2   0.2   9.7   15:30   NNW
11  15.6  22.3   14:00  10.1    5:45   3.5   0.7   0.0   0.8  14.5   16:30    NW
12  15.6  23.3   15:45   9.7    8:30   3.6   0.9   0.0   0.5  11.3   17:00    NW
13  16.4  21.4   15:45  13.4   00:00   2.5   0.5   0.0   0.5  12.9   16:00    NW
14  18.1  28.3   16:45   9.5    7:45   3.0   2.7   0.4   1.3  27.4   13:15   SSW
15  25.1  30.4   16:45  17.9    1:00   0.0   6.8   0.0   3.4  43.5   00:00   SSW
16  16.9  26.1    0:15  12.7   23:30   2.4   0.9   6.0   3.4  48.3    0:30   SSW
17  12.9  13.0    0:45  12.8    0:15   0.7   0.0   6.2   0.2   6.4    2:45   SSE
18
19
20
21
22
23
24
25
26
27
28
29
30
31
-------------------------------------------------------------------------------------
    17.3  30.4    15     7.3     9    39.7  28.1  14.6   1.0  48.3    16      NW

Max >=  32.0:  0
Max <=   0.0:  0
Min <=   0.0:  0
Min <= -18.0:  0
Max Rain: 6.20 ON 17/10/17
Days of Rain: 9 (> .2 mm) 2 (> 2 mm) 0 (> 20 mm)
Heat Base:  18.3  Cool Base:  18.3  Method: Integration