Informes NOAA Abegondo desde Enero/2005


Report for 2019 Febrero
                   MONTHLY CLIMATOLOGICAL SUMMARY for FEB. 2019

NAME: Abegondo   CITY: Abegondo   STATE: La Coruña (Spain) 
ELEV:   160 m  LAT:  43° 13' 36" N  LONG:   8° 17' 22" W

                   TEMPERATURE (°C), RAIN  (mm), WIND SPEED (km/hr)

                                      HEAT  COOL        AVG
    MEAN                              DEG   DEG         WIND                 DOM
DAY TEMP  HIGH   TIME   LOW    TIME   DAYS  DAYS  RAIN  SPEED HIGH   TIME    DIR
------------------------------------------------------------------------------------
 1   7.4   9.7   17:30   4.8   11:15  10.9   0.0  20.8   7.7  54.7    3:45   WNW
 2   6.2   9.6   15:00   3.9   00:00  12.1   0.0  17.0   2.4  35.4    0:30   WNW
 3   5.8  11.3   15:45   1.7    5:15  12.5   0.0   0.4   0.5  14.5   15:15   SSE
 4   9.3  11.4   15:00   5.9    0:15   9.0   0.0   0.0   4.5  27.4    4:15   SSW
 5  11.8  14.2   14:30  10.4    2:45   6.5   0.0   0.0   2.1  20.9   14:00   SSW
 6  11.5  13.9   17:00   9.8    8:30   6.8   0.0   2.8   3.1  32.2   21:00   SSW
 7  10.3  14.4   16:30   7.3   22:45   8.0   0.0   1.6   1.4  17.7    2:30   SSW
 8   9.9  12.8   17:30   6.2    2:15   8.4   0.0   0.0   4.8  43.5   13:00   SSW
 9  12.4  14.3   15:45  11.4    7:45   5.9   0.0   2.4   8.9  46.7   15:45   SSW
10  10.9  13.7    3:15   6.9   00:00   7.4   0.0  17.8   5.8  54.7    3:15   WNW
11   8.4  13.7   16:00   3.8    8:30   9.8   0.0   0.0   0.5  14.5   18:00     W
12   9.3  17.5   15:30   3.8    5:15   9.0   0.0   0.0   0.3   9.7   15:15     W
13  11.7  19.7   17:45   6.2    3:00   6.7   0.1   0.0   0.8  14.5    7:15   SSW
14  13.7  21.1   15:30   6.6    5:00   5.1   0.5   0.0   1.6  27.4   14:15   SSW
15  14.8  20.1   13:45   8.9   00:00   3.8   0.2   0.0   1.9  22.5   14:15     E
16  13.2  22.2   16:30   6.2    9:00   5.8   0.7   0.0   1.3  19.3   14:00   SSW
17  10.8  13.7   13:15   8.7   22:15   7.5   0.0  13.4   2.4  25.7    6:00   SSW
18   8.9  12.6   17:15   7.0   00:00   9.4   0.0   5.0   0.3  12.9   16:00     W
19   7.8  14.0   16:45   3.1    8:15  10.5   0.0   0.2   0.5  12.9   16:45    NW
20   9.3  16.2   17:45   4.2    7:00   9.0   0.0   0.0   1.8  22.5   12:15   SSW
21  10.9  13.3   10:30   8.9    2:15   3.2   0.0   0.0   2.3  19.3    7:45   ESE
22
23
24
25
26
27
28
-------------------------------------------------------------------------------------
    10.2  22.2    16     1.7     3   167.4   1.5  81.4   2.6  54.7     1     SSW

Max >=  32.0:  0
Max <=   0.0:  0
Min <=   0.0:  0
Min <= -18.0:  0
Max Rain: 20.80 ON 01/02/19
Days of Rain: 10 (> .2 mm) 7 (> 2 mm) 1 (> 20 mm)
Heat Base:  18.3  Cool Base:  18.3  Method: Integration